ctors of 1674992.
2, 11, 31, 307
List the prime factors of 1833562.
2, 916781
List the prime factors of 165698.
2, 13, 6373
List the prime factors of 9420.
2, 3, 5, 157
What are the prime factors of 3694250?
2, 5, 7, 2111
What are the prime factors of 90232?
2, 11279
List the prime factors of 12207340.
2, 5, 41, 14887
What are the prime factors of 396148?
2, 97, 1021
List the prime factors of 15859746.
2, 3, 7, 41957
What are the prime factors of 5514174?
2, 3, 113, 2711
List the prime factors of 465476.
2, 11, 71, 149
What are the prime factors of 11468778?
2, 3, 17, 229, 491
What are the prime factors of 1451075?
5, 58043
List the prime factors of 22544094.
2, 3, 23, 163363
List the prime factors of 1607270.
2, 5, 7, 22961
List the prime factors of 25439646.
2, 3, 37, 114593
List the prime factors of 136387.
29, 4703
List the prime factors of 1131900.
2, 3, 5, 7, 11
List the prime factors of 4067616.
2, 3, 7, 6053
What are the prime factors of 16499140?
2, 5, 7, 117851
List the prime factors of 5500034.
2, 47, 58511
List the prime factors of 319215.
3, 5, 13, 1637
List the prime factors of 1068224.
2, 16691
List the prime factors of 26330037.
3, 283, 31013
What are the prime factors of 9658402?
2, 13, 43, 53, 163
List the prime factors of 236960.
2, 5, 1481
List the prime factors of 57167.
11, 5197
List the prime factors of 26176.
2, 409
What are the prime factors of 4147721?
4147721
What are the prime factors of 346289?
29, 11941
What are the prime factors of 117952?
2, 19, 97
List the prime factors of 1279647.
3, 142183
What are the prime factors of 2798331?
3, 809, 1153
List the prime factors of 5566923.
3, 618547
List the prime factors of 658249.
419, 1571
What are the prime factors of 3545259?
3, 61, 19373
What are the prime factors of 1714064?
2, 11, 9739
List the prime factors of 5087501.
5087501
What are the prime factors of 398804?
2, 7, 14243
What are the prime factors of 9935782?
2, 89, 55819
List the prime factors of 11602091.
31, 47, 7963
What are the prime factors of 2902627?
7, 13, 167, 191
What are the prime factors of 25491323?
11, 13, 178261
List the prime factors of 1480407.
3, 37, 13337
What are the prime factors of 50216?
2, 6277
What are the prime factors of 2657255?
5, 179, 2969
What are the prime factors of 5024482?
2, 29, 86629
What are the prime factors of 4169684?
2, 101, 10321
List the prime factors of 5666492.
2, 13, 108971
List the prime factors of 1251461.
1251461
List the prime factors of 499949.
53, 9433
What are the prime factors of 7071369?
3, 79, 29837
List the prime factors of 7665092.
2, 101, 18973
List the prime factors of 756371.
7, 11, 19, 47
What are the prime factors of 603220?
2, 5, 30161
What are the prime factors of 911977?
11, 7537
What are the prime factors of 1046472?
2, 3, 7, 6229
List the prime factors of 1550069.
1550069
List the prime factors of 471664.
2, 41, 719
List the prime factors of 652675.
5, 26107
What are the prime factors of 10579293?
3, 809, 1453
List the prime factors of 329421.
3, 109807
What are the prime factors of 628424?
2, 78553
What are the prime factors of 433551?
3, 17, 8501
List the prime factors of 820347.
3, 11, 24859
List the prime factors of 804420.
2, 3, 5, 41, 109
List the prime factors of 539366.
2, 269683
What are the prime factors of 2639789?
2639789
What are the prime factors of 3904820?
2, 5, 195241
What are the prime factors of 1868913?
3, 7691
List the prime factors of 13521201.
3, 53, 277, 307
List the prime factors of 2792223.
3, 7, 23, 41, 47
List the prime factors of 457939.
29, 15791
List the prime factors of 110509.
7, 15787
What are the prime factors of 2097649?
139, 15091
List the prime factors of 728981.
11, 66271
List the prime factors of 443249.
443249
What are the prime factors of 3313531?
13, 254887
List the prime factors of 90683.
29, 53, 59
What are the prime factors of 172007?
11, 19, 823
List the prime factors of 6191046.
2, 3, 114649
What are the prime factors of 110118?
2, 3, 18353
List the prime factors of 11199947.
11, 1018177
What are the prime factors of 146790?
2, 3, 5, 7, 233
List the prime factors of 15933050.
2, 5, 7, 45523
What are the prime factors of 3244904?
2, 13, 41, 761
List the prime factors of 4688086.
2, 13, 180311
What are the prime factors of 7263239?
23, 47, 6719
List the prime factors of 452595.
3, 5, 11, 13, 211
What are the prime factors of 194244?
2, 3, 16187
List the prime factors of 9294610.
2, 5, 13, 19, 53, 71
List the prime factors of 505064.
2, 7, 29, 311
List the prime factors of 3090440.
2, 5, 77261
List the prime factors of 431360.
2, 5, 337
List the prime factors of 359129.
359129
List the prime factors of 323937.
3, 35993
What are the prime factors of 682311?
3, 7, 32491
What are the prime factors of 11447529?
3, 3815843
What are the prime factors of 49236?
2, 3, 11, 373
What are the prime factors of 29628363?
3, 41, 240881
What are the prime factors of 15343744?
2, 13, 9221
What are the prime factors of 14827940?
2, 5, 263, 2819
List the prime factors of 774218.
2, 387109
What are the prime factors of 1504928?
2, 131, 359
What are the prime factors of 85447?
85447
What are the prime factors of 6779786?
2, 13, 260761
What are the prime factors of 978380?
2, 5, 13, 53, 71
List the prime factors of 751559.
157, 4787
What are the prime factors of 2523402?
2, 3, 7, 2861
What are the prime factors of 9291624?
2, 3, 387151
What are the prime factors of 389623?
13, 17, 41, 43
List the prime factors of 343219.
343219
List the prime factors of 317525.
5, 13, 977
What are the prime factors of 99443?
277, 359
What are the prime factors of 6009836?
2, 7, 37, 5801
List the prime factors of 77974.
2, 13, 2999
What are the prime factors of 1116572?
2, 279143
What are the prime factors of 78112?
2, 2441
What are the prime factors of 2213212?
2, 71, 7793
What are the prime factors of 15957886?
2, 7, 1139849
List the prime factors of 274768.
2, 13, 1321
What are the prime factors of 1074474?
2, 3, 59693
List the prime factors of 640550.
2, 5, 23, 557
List the prime factors of 533772.
2, 3, 14827
What are the prime factors of 14925738?
2, 3, 2487623
What are the prime factors of 1308424?
2, 13, 23, 547
What are the prime factors of 317134?
2, 158567
What are the prime factors of 2227416?
2, 3, 92809
What are the prime factors of 93060?
2, 3, 5, 11, 47
What are the prime factors of 15633260?
2, 5, 547, 1429
What are the prime factors of 18159?
3, 6053
List the prime factors of 25718775.
3, 5, 89, 3853
What are the prime factors of 12140314?
2, 349, 17393
What are the prime factors of 9593018?
2, 4796509
List the prime factors of 34759.
34759
List the prime factors of 17436785.
5, 613, 5689
List the prime factors of 263933.
263933
List the prime factors of 2001407.
2001407
What are the prime factors of 2455568?
2, 167, 919
What are the prime factors of 2224143?
3, 421, 587
List the prime factors of 6957580.
2, 5, 7, 49697
What are the prime factors of 1078307?
19, 29, 103
What are the prime factors of 1933388?
2, 483347
List the prime factors of 1584292.
2, 43, 61, 151
What are the prime factors of 245412?
2, 3, 17, 401
What are the prime factors of 1674817?
1674817
What are the prime factors of 376944?
2, 3, 7853
List the prime factors of 1415457.
3, 157273
What are the prime factors of 145478?
2, 72739
List the prime factors of 12491313.
3, 1063, 3917
List the prime factors of 23836312.
2, 17, 175267
What are the prime factors of 89782?
2, 7, 11, 53
What are the prime factors of 3931190?
2, 5, 281, 1399
List the prime factors of 1172246.
2, 586123
List the prime factors of 946168.
2, 101, 1171
List the prime factors of 5195330.
2, 5, 7, 74219
List the prime factors of 2978019.
3, 11, 37, 271
What are the prime factors of 16395032?
2, 31, 66109
List the prime factors of 5189685.
3, 5, 345979
List the prime factors of 8374575.
3, 5, 11, 10151
What are the prime factors of 11792?
2, 11, 67
List the prime factors of 1174764.
2, 3, 223, 439
What are the prime factors of 117063?
3, 13007
What are the prime factors of 694635?
3, 5, 46309
What are the prime factors of 286583?
11, 26053
List the prime factors of 3384062.
2, 11, 193, 797
List the prime factors of 306047.
7, 43721
What are the prime factors of 356087?
97, 36